50.
250
What is the highest common factor of 126 and 7542?
18
Calculate the highest common factor of 2352192 and 192.
192
What is the greatest common divisor of 1196 and 200?
4
Calculate the greatest common divisor of 579138 and 84.
42
What is the highest common divisor of 1980936 and 486?
486
Calculate the highest common divisor of 113869 and 14.
7
What is the greatest common divisor of 169 and 1235?
13
Calculate the greatest common divisor of 27772 and 5895.
131
What is the highest common factor of 679225 and 807?
269
What is the greatest common divisor of 7620 and 5820?
60
Calculate the greatest common divisor of 14018 and 946.
86
What is the greatest common factor of 405 and 666?
9
What is the highest common factor of 142930 and 50?
10
Calculate the highest common divisor of 304 and 8797.
19
Calculate the highest common factor of 319 and 264.
11
What is the greatest common divisor of 5217 and 17982?
111
Calculate the greatest common factor of 3318 and 633264.
474
What is the highest common factor of 78917 and 212?
53
What is the greatest common divisor of 851 and 74407?
37
What is the greatest common factor of 171 and 74187?
9
Calculate the greatest common factor of 2340 and 1308996.
468
Calculate the highest common divisor of 9389 and 2665.
41
Calculate the highest common factor of 610 and 34130.
10
Calculate the highest common divisor of 832 and 3029.
13
Calculate the highest common factor of 922459 and 41.
41
Calculate the greatest common factor of 366 and 1128.
6
Calculate the greatest common divisor of 5353 and 159.
53
Calculate the greatest common factor of 92649 and 1424.
89
Calculate the highest common divisor of 221 and 6290.
17
What is the highest common factor of 166250 and 728?
14
Calculate the greatest common divisor of 459955 and 335.
335
Calculate the highest common divisor of 175 and 13355.
5
Calculate the highest common divisor of 42404 and 16.
4
Calculate the greatest common factor of 1888 and 20532.
236
Calculate the greatest common divisor of 424 and 1432.
8
Calculate the greatest common divisor of 30 and 7000060.
10
Calculate the highest common divisor of 44376 and 215.
43
Calculate the highest common divisor of 969 and 40071.
57
What is the greatest common divisor of 4522 and 1668884?
266
Calculate the highest common divisor of 1580 and 289535.
395
Calculate the highest common divisor of 3780 and 145260.
540
What is the highest common factor of 122995 and 765?
85
What is the greatest common factor of 11322 and 162134?
74
What is the greatest common divisor of 3708672 and 132?
132
Calculate the highest common factor of 172164 and 24.
12
Calculate the highest common factor of 6 and 11444.
2
What is the greatest common factor of 1344 and 164192?
224
What is the highest common factor of 258 and 104361?
129
Calculate the highest common factor of 332051 and 46.
23
Calculate the greatest common divisor of 166749 and 594.
33
What is the greatest common factor of 1994 and 11894210?
1994
What is the highest common factor of 98 and 219380?
14
What is the greatest common factor of 3193 and 26195?
31
Calculate the greatest common divisor of 1645 and 5734.
47
Calculate the highest common factor of 88 and 136598.
22
Calculate the highest common factor of 1628 and 572.
44
What is the greatest common factor of 251792 and 160?
16
What is the greatest common factor of 45 and 383985?
45
What is the highest common factor of 15 and 3825240?
15
Calculate the greatest common divisor of 1379 and 443447.
197
What is the greatest common factor of 566284 and 268?
268
What is the highest common factor of 1412073 and 91?
13
Calculate the greatest common factor of 15 and 156045.
15
Calculate the greatest common factor of 22391 and 1.
1
What is the greatest common divisor of 11866 and 101210?
698
What is the greatest common factor of 20601 and 525?
21
Calculate the highest common factor of 9873 and 9.
9
Calculate the greatest common divisor of 129 and 915.
3
Calculate the greatest common divisor of 10272896 and 16.
16
Calculate the highest common divisor of 2 and 279982.
2
What is the greatest common factor of 605758 and 1444?
722
Calculate the highest common factor of 7293 and 3861.
429
What is the greatest common factor of 62880 and 285?
15
Calculate the highest common factor of 3388 and 8162.
154
Calculate the highest common divisor of 312707 and 58.
29
Calculate the greatest common factor of 25 and 11815.
5
What is the greatest common factor of 254 and 124587?
127
Calculate the greatest common factor of 231 and 1991.
11
Calculate the highest common factor of 144402 and 18204.
246
Calculate the greatest common divisor of 972 and 76302.
486
What is the highest common divisor of 3608941 and 7?
7
What is the highest common factor of 56253 and 6?
3
Calculate the greatest common factor of 645 and 107285.
215
What is the greatest common divisor of 440 and 9482?
22
What is the greatest common factor of 20476 and 112?
4
What is the highest common divisor of 16853 and 19?
19
Calculate the highest common factor of 20 and 950420.
20
Calculate the greatest common divisor of 43848 and 36.
36
Calculate the highest common divisor of 4572 and 12174.
6
Calculate the greatest common divisor of 74 and 41218.
74
Calculate the greatest common divisor of 209 and 654379.
209
Calculate the greatest common factor of 30855 and 2992.
187
What is the highest common factor of 191055 and 987?
141
What is the greatest common factor of 462 and 146762?
154
What is the highest common factor of 38040 and 2040?
120
What is the greatest common factor of 4129940 and 148?
148
Calculate the highest common divisor of 31910 and 80.
10
Calculate the greatest common factor of 87291 and 18.
9
Calculate the highest common factor of 336105 and 12125.
485
Calculate the greatest common factor of 1368 and 12768.
456
Calculate the highest common divisor of 63 and 4113.
9
What is the greatest common factor of 225 and 64050?
75
Calculate the greatest common divisor of 34422 and 30.
6
What is the highest common divisor of 111 and 831?
3
What is the greatest common factor of 620 and 1660112?
124
Calculate the highest common factor of 5840 and 1606.
146
What is the highest common factor of 65208 and 13299?
429
What is the greatest common divisor of 17160 and 12090?
390
Calculate the highest common factor of 3197 and 139.
139
What is the greatest common divisor of 2320 and 134096?
464
Calculate the highest common factor of 70 and 65065.
35
What is the greatest common divisor of 281 and 190237?
281
What is the greatest common factor of 2125 and 187?
17
Calculate the highest common divisor of 102573 and 232.
29
What is the greatest common divisor of 107341 and 949?
13
Calculate the greatest common factor of 24516 and 27921.
681
What is the greatest common divisor of 13221 and 1872?
117
What is the greatest common factor of 191 and 1028917?
191
What is the greatest common factor of 100832 and 6624?
736
What is the greatest common factor of 876 and 2008084?
292
Calculate the greatest common factor of 940 and 1850390.
470
What is the greatest common divisor of 1664 and 3848?
104
Calculate the greatest common factor of 7590 and 34086.
138
Calculate the highest common divisor of 684 and 75316.
76
What is the highest common divisor of 4340 and 10640?
140
Calculate the highest common divisor of 15 and 132470.
5
What is the highest common divisor of 114 and 29478?
6
What is the highest common factor of 675 and 400?
25
What is the highest common divisor of 364 and 3172?
52
Calculate the highest common divisor of 69825 and 31920.
1995
What is the highest common divisor of 573 and 368057?
191
What is the greatest common divisor of 6 and 8502?
6
Calculate the greatest common factor of 19310 and 180.
10
What is the greatest common factor of 18577 and 1820?
13
What is the greatest common factor of 2779 and 18262?
397
What is the highest common divisor of 218 and 43382?
218
What is the highest common divisor of 288928 and 64?
32
What is the greatest common divisor of 233425 and 725?
25
What is the greatest common divisor of 62184 and 2076?
12
What is the greatest common factor of 5382 and 142922?
598
What is the highest common factor of 35 and 11389?
7
What is the highest common divisor of 570 and 48545?
95
Calcul